180 + 313. Suppose v = 13*f + 6*f. Let n(b) = -b**3 + 8*b**2 - 5*b - 10. Calculate n(f).
4
Let h be 4 + (-5 - -2) + -6. Let x = 24 + -20. Let z(k) = -47*k**3 + 5*k**2 - x + 48*k**3 + 0. What is z(h)?
-4
Let g(a) = a**3 + 5*a**2 + 6*a + 5. Suppose -26*p + 22*p - 2196 = 0. Let q = p - -545. Give g(q).
-3
Let m = -13615 - -13612. Let u(y) = 3*y**3 + y**2 - 2. What is u(m)?
-74
Let z(k) = 63*k - 9. Let s be z(0). Let c(a) = -a**3 - 9*a**2 - 3*a - 20. Determine c(s).
7
Let h be 350/1904 + (30/5)/(-102). Let t(o) be the third derivative of 0 - 1/2*o**3 + 11*o**2 + h*o**4 + 0*o. Give t(3).
6
Let q(c) be the third derivative of -c**6/60 + 5*c**5/12 + 2*c**4/3 - 35*c**3/6 + 1343*c**2. Give q(13).
4
Let a = 12006 - 11978. Let f(v) = -v**3 + 30*v**2 - 59*v + 75. Calculate f(a).
-9
Let g(s) = -4*s + 69. Let r = 3879 + -3864. Determine g(r).
9
Let k(l) = 9 + 2*l**2 - l**2 - 2. Let v(y) be the third derivative of y**5/60 + 7*y**4/6 - 29*y**3/6 - 5*y**2 - 6*y. Let a be v(1). Calculate k(a).
7
Suppose -29*s + 21*s = -16. Let b(m) = 112 + 0*m**2 + 7*m - 120 - m**3 + 5*m**s. Let v = 21 + -15. Determine b(v).
-2
Suppose 10 = -4*h + 5*y - 25, -5*h = -3*y + 34. Let l(u) be the third derivative of u**4/24 - u**3/2 + 305*u**2 + 2*u + 3. What is l(h)?
-8
Let g(q) = q**2 - 5. Suppose 4*c - 6*c + 12 = -s, c - 5*s = 15. Suppose 0*m - 6 = 4*m - 2*p, p = -c. Calculate g(m).
11
Let b(i) = 10*i**2 - 5*i - 4. Let t be b(-1). Let f(c) = 10 + t + 3*c - 2 - 4*c. Give f(16).
3
Let v(h) = -8*h + 1. Let w(s) = 3*s**3 + 4*s**2 - 24*s - 48. Let b be w(-2). Calculate v(b).
65
Let l(f) = -f**3 + 4*f**2 - 9*f - 3. Let s be l(0). Let r(m) = -m**3 + m - 7. Give r(s).
17
Let c(j) be the third derivative of -j**7/1260 + j**6/240 + 2*j**5/5 + 17*j**2 + 2*j. Let f(m) be the third derivative of c(m). Calculate f(4).
-13
Let q(i) be the second derivative of i**4/12 + 11*i**3/6 + i**2 - i + 2721. Suppose -2*n = -8, -h + 5*n = 2*n + 20. Determine q(h).
-22
Let x(m) = m**3 + 5*m**2 + 2*m - 2. Suppose 13 = -5*l + 238. Let q be (-443)/9 + (-16)/(-72). Let w = l + q. Give x(w).
6
Let t(n) = -2*n**3 + 51*n. Let c be t(0). Let r(i) be the second derivative of i**3/3 + 5*i**2/2 + 3*i. Give r(c).
5
Let o(b) = -14*b**2 + b. Suppose -3*v + v + 40 = 0. Suppose 17*x = v*x - 24. Let w be 4/(-16) - 6/x. Give o(w).
-15
Let w(l) = 2*l + 2. Suppose -3*i - 2*z = 4, -2*z - 32 = i - 24. Calculate w(i).
6
Suppose 91*y + 38*y + 1427 = -1282. Let c(q) = q**3 + 22*q**2 + 21*q - 36. Determine c(y).
-36
Let o(l) = 9*l + 27. Let h = 515 + -518. What is o(h)?
0
Suppose 16*v = 17*v - 2*i + 1, 22 = -v - 5*i. Let n(l) = -l**2 - 11*l - 15. Determine n(v).
13
Suppose 3*d = 101 + 31. Let w = d - 39. Suppose 81 = -w*j + 5*u + 26, 0 = 4*u - 12. Let m(q) = q + 9. What is m(j)?
1
Let w(v) be the second derivative of 11*v**3/2 + 197*v**2/2 - 424*v. What is w(-6)?
-1
Let u(n) = 9*n - 38. Suppose 4*r + 21 = 49. Let d(g) = -4*g + 17. Let l(z) = r*d(z) + 3*u(z). What is l(-7)?
12
Let b(y) = 29*y - 54. Let v be (-6 - (-5)/10*13)*(0 + 4). Determine b(v).
4
Let c(y) = 14 - 111*y - 16 + 3*y**2 - y**2 + 73*y. Calculate c(19).
-2
Let u(j) = -5*j**2 - 29*j + 30. Let t(v) = v**2. Let r(f) = -3*t(f) - u(f). Let o(y) be the first derivative of r(y). Calculate o(-7).
1
Let d(o) = 29*o**2 + o. Let x(i) = i**2 + 11*i - 7. Let f be x(-12). Suppose -5*w - 4*g = -9*g + f, 5*g = 0. Give d(w).
28
Let k(z) = -800*z + 10603 + 806*z - 10565. Give k(-5).
8
Let o(f) = 8*f**2 - 304*f - 2310. Let l(x) = -7*x**2 + 261*x + 1980. Let u(b) = -15*l(b) - 13*o(b). What is u(-16)?
-6
Suppose 3*r - 35 = -2*b, 2*r - 30 = -0*r - 3*b. Let j(y) = 2 + 0 - 86*y**2 - r*y - 1 + 85*y**2. Calculate j(-8).
9
Let x(c) be the third derivative of 0 + 1/30*c**5 - 2/3*c**3 - 1/8*c**4 + 88*c**2 + 0*c. What is x(5)?
31
Let w = 26 + -16. Let s(g) = -g**2 + 12*g - 15. Let f be s(w). Let a(r) = 2*r**2 - 3*r + 7. Let n(l) = -l**2 + l. Let h(u) = -a(u) - 3*n(u). Calculate h(f).
18
Let n(g) = -14*g - 19. Let j be (-495)/55 - 15/(-1). Calculate n(j).
-103
Suppose 3*p - 259 = -3*v - 304, 2*p - v = -27. Let q(w) = -w**2 - 13*w - 14. What is q(p)?
-28
Let v = -382 + 386. Let f(n) = 3 - 3*n - n + n**2 + 1 - 1. Calculate f(v).
3
Let w(r) = r**2 - 24*r - 79. Let q be w(27). Let n(g) = 66*g**2 - 65*g**q + 3*g + 3*g - g. Determine n(-3).
-6
Let i(w) = 4 + 5*w - 17 + 5 + w**2 - 1. Suppose -7*b + 74 = 18. Let o(s) = -s**3 + 8*s**2 - 2*s + 9. Let v be o(b). What is i(v)?
5
Let g(n) = -12*n**2 - 5 - n**3 - 7 - 3*n + 0*n. Suppose -1268*o - 5884 = 9332. Give g(o).
24
Let x(s) = 0*s**3 - 2 + 4*s**2 - 2*s - 8*s**3 + 6*s**3. Let i be (-3 - 2)*(-1)/1*1. Let p be -4 + 24/20*i. Calculate x(p).
-6
Let s(k) = -5 + 1 - 12 + 15 + 18*k. Let p be ((-19)/38)/((-4)/(-8)). Determine s(p).
-19
Let n(o) = -o**3 + 23*o**2 - 60*o + 12. Let a = 2478 + -2458. Calculate n(a).
12
Let x(a) = a**2 + 14*a + 23. Suppose 32*f = -9 + 329. Suppose 0 = -f*c + 168 - 288. Determine x(c).
-1
Let i(j) = j**3 + 10*j**2 + 8*j - 5. Let k be i(-9). Let r(z) = -k*z**3 + 5*z**3 - 4 - 5*z**2 - 7*z - 2*z**3. Determine r(-4).
8
Suppose 0 = 4*y - 0*y + 780. Let q be (y/6)/13*(-4 - 0). Let k(j) = 2 - 12*j**2 - q*j**2 + 5*j - 9*j**2 + 32*j**2. Determine k(-4).
-2
Let f be -1 - 2 - (-6 + -15). Suppose 6 = -12*m + f*m. Let t(s) = 1 + s - m + 3 - 4. Calculate t(-1).
-2
Let d(k) = -k**2 - 7*k. Let s = 2493 - 2488. Give d(s).
-60
Let u be 0 + -1 + 2 + -4. Let f be 9/u*2 + 4. Let c(r) = r - 10*r + 3*r - 1 + 5*r. What is c(f)?
1
Let s(w) = -2*w**2 + 19*w - 79. Let g(j) = 2*j**2 - 20*j + 61. Let a(p) = 5*g(p) + 4*s(p). Determine a(13).
15
Suppose 4*f - 5*r + 11 = 0, -f + 3*f + 4*r = -12. Let q(g) = -3*g**2 - 17*g + 11. Let w be q(-6). Let i(t) = -322*t + 6 + 3 + 321*t - w. What is i(f)?
8
Let c(h) = 10*h. Let f(o) = -129*o - 1. Let s(x) = 8*c(x) + f(x). Calculate s(-1).
48
Let v(b) = 45*b + 7*b - 5 - b**2 - 67*b - 2*b**2. What is v(-4)?
7
Let b(n) = 84*n + 106*n - 183*n - n**3 + 6*n**2 + 161 - 165. Let u be 29/4 + 1/(-4). Calculate b(u).
-4
Let z be 1606/(-154) - (-9)/21. Let i(q) = -q**2 - 12*q - 7. Give i(z).
13
Let f(c) be the second derivative of -3*c - 7/6*c**3 - 4 - 1/12*c**4 + c**2. Determine f(-7).
2
Let g(f) = -367*f**2 + 66 - 36 + 369*f**2 - 30*f. Determine g(12).
-42
Let b(d) be the second derivative of 5*d**3/3 - 63*d**2/2 - 14*d - 11. Give b(9).
27
Let m(z) = -z**3 + 2*z**2 - 20*z + 18. Let l be 1/(4/10 - (-165)/275). Determine m(l).
-1
Let n(p) = -p**2 - 24*p - 15. Let b be n(-23). Suppose -3*g = -b*g. Let u(t) = 2*t**2 - 31. Let l(o) = o**2 - 15. Let d(w) = -9*l(w) + 4*u(w). What is d(g)?
11
Let m(b) = -b**3 - 16. Suppose -n + 17400 = 28*n. Let i = n + -600. Calculate m(i).
-16
Let k be (-64)/(-10) - 8/20. Let o(c) = -2*c**3 - 6*c**2 - 15*c - 6. Let j(x) = -3*x**3 - 12*x**2 - 26*x - 12. Let p(s) = -3*j(s) + 5*o(s). Give p(k).
24
Let r(j) = j**3 - j**2 + j - 11. Let g(s) be the third derivative of 0 + 2*s**2 + 1/24*s**4 + 0*s - 8/3*s**3. Let n be g(16). Determine r(n).
-11
Let w(r) be the third derivative of 65*r**4/24 + 259*r**3/6 + 8298*r**2. Calculate w(-4).
-1
Let g(u) be the third derivative of u**5/60 - 5*u**4/24 + u**3/3 + 200*u**2. Give g(6).
8
Let l(h) = -4*h - h - h - 10*h + 20*h + 9. Give l(6).
33
Suppose b + 83 = 4*k, 117*k + 5*b = 113*k + 41. Let i(a) = a**3 - 18*a**2 - 20*a + 13. Determine i(k).
-6
Let b = -105533 - -105528. Suppose 0 = -2*g + x - 0 + 9, -11 = 2*g + 3*x. Let i(t) = 4 + 5*t**2 + 2*t**3 - t - g - t**3. Give i(b).
7
Let s(x) = x**3 - 16*x**2 - 40*x - 33. Let y be s(18). Let d be y/(-21)*(-6)/(-10). Let t(q) = q**3 - 2*q**2 + 2*q - 3. What is t(d)?
12
Let h(o) = o**2 - 1. Let g(n) = n**3 + n + 1. Let a(y) = -3*y**3 + 4*y**2 + 2*y - 3. Let d(q) = -a(q) - 2*g(q). Let b(v) = -d(v) - 5*h(v). Give b(-2).
0
Let d(j) = 8*j**3 + 6*j**2 - 6. Let u = 91 - 85. Let m(q) = -7*q**3 - 6*q**2 - q + 5. Let a(l) = u*d(l) + 7*m(l). Let f = -23 + 18. Calculate a(f).
9
Let p = 6 + 3. Suppose 5*q = p*q + 24. Let i(m) be the third derivative of m**6/120 + m**5/10 + m**4/12 + 4*m**3/3 - 9*m**2 + 3*m. Determine i(q).
-4
Let s(i) = -i**2 - i + 22. Let r be -9 + ((-14)/77 - (-138)/33). Give s(r).
2
Let y(p) = p**3 - 9*p**2 + 7*p - 2. Let l(h) = -h**3 + 29*h**2 - 211*h + 19. Let a be l(14). Give y(a).
-67
Let c(z) = -3*z + 1. Let u(a) = -23*a + 